der when 887 is divided by 399.
89
Calculate the remainder when 331208 is divided by 84.
80
Calculate the remainder when 824630 is divided by 93.
92
Calculate the remainder when 401796 is divided by 907.
902
Calculate the remainder when 1682 is divided by 1326.
356
What is the remainder when 479887 is divided by 23?
15
Calculate the remainder when 1908 is divided by 54.
18
Calculate the remainder when 163025 is divided by 93.
89
Calculate the remainder when 92279 is divided by 10.
9
What is the remainder when 12197 is divided by 2364?
377
What is the remainder when 1530 is divided by 155?
135
Calculate the remainder when 136860 is divided by 161.
10
What is the remainder when 4611 is divided by 16?
3
What is the remainder when 22024 is divided by 153?
145
Calculate the remainder when 7027 is divided by 5.
2
Calculate the remainder when 42089 is divided by 14010.
59
Calculate the remainder when 59107 is divided by 6567.
4
What is the remainder when 10711 is divided by 151?
141
Calculate the remainder when 4443 is divided by 158.
19
What is the remainder when 8545 is divided by 313?
94
Calculate the remainder when 93101 is divided by 11634.
29
What is the remainder when 15472 is divided by 1160?
392
What is the remainder when 6103 is divided by 636?
379
What is the remainder when 2032986 is divided by 1629?
1623
Calculate the remainder when 5199 is divided by 90.
69
What is the remainder when 59606 is divided by 7450?
6
Calculate the remainder when 300899 is divided by 29.
24
Calculate the remainder when 68910 is divided by 40.
30
Calculate the remainder when 128622 is divided by 57.
30
Calculate the remainder when 4089 is divided by 4072.
17
What is the remainder when 164187 is divided by 4437?
18
What is the remainder when 28581 is divided by 267?
12
What is the remainder when 391139 is divided by 41?
40
Calculate the remainder when 12052 is divided by 12048.
4
What is the remainder when 71762 is divided by 574?
12
What is the remainder when 168627 is divided by 14?
11
What is the remainder when 4911215 is divided by 611?
608
What is the remainder when 7712 is divided by 74?
16
What is the remainder when 226971 is divided by 362?
359
What is the remainder when 15413 is divided by 3839?
57
What is the remainder when 354 is divided by 114?
12
What is the remainder when 26538 is divided by 8845?
3
What is the remainder when 4033 is divided by 640?
193
What is the remainder when 7341 is divided by 5?
1
Calculate the remainder when 3772 is divided by 1848.
76
What is the remainder when 15861 is divided by 790?
61
Calculate the remainder when 493022 is divided by 1889.
1882
Calculate the remainder when 4377 is divided by 101.
34
Calculate the remainder when 28131 is divided by 85.
81
Calculate the remainder when 43902 is divided by 676.
638
What is the remainder when 3097482 is divided by 752?
746
What is the remainder when 34279 is divided by 5694?
115
What is the remainder when 2637 is divided by 263?
7
What is the remainder when 20475 is divided by 5113?
23
Calculate the remainder when 10393 is divided by 34.
23
What is the remainder when 5600 is divided by 613?
83
What is the remainder when 25771 is divided by 8537?
160
Calculate the remainder when 22785 is divided by 3728.
417
What is the remainder when 20337 is divided by 20325?
12
What is the remainder when 1865 is divided by 358?
75
Calculate the remainder when 2954 is divided by 326.
20
What is the remainder when 222568 is divided by 111273?
22
What is the remainder when 13031 is divided by 4335?
26
Calculate the remainder when 194374 is divided by 267.
265
What is the remainder when 698 is divided by 686?
12
What is the remainder when 1113 is divided by 491?
131
What is the remainder when 70975 is divided by 210?
205
What is the remainder when 53142 is divided by 7?
5
What is the remainder when 921008 is divided by 155?
153
Calculate the remainder when 2660 is divided by 883.
11
What is the remainder when 129227 is divided by 17?
10
What is the remainder when 901 is divided by 862?
39
What is the remainder when 16367 is divided by 24?
23
What is the remainder when 134271 is divided by 36?
27
What is the remainder when 20545 is divided by 763?
707
Calculate the remainder when 9186 is divided by 21.
9
Calculate the remainder when 162303 is divided by 639.
636
Calculate the remainder when 70795 is divided by 1685.
25
Calculate the remainder when 12860 is divided by 6430.
0
What is the remainder when 3520 is divided by 34?
18
What is the remainder when 18593 is divided by 40?
33
Calculate the remainder when 10663 is divided by 8.
7
What is the remainder when 1194 is divided by 193?
36
Calculate the remainder when 173991 is divided by 104.
103
Calculate the remainder when 66935 is divided by 6.
5
What is the remainder when 354 is divided by 121?
112
Calculate the remainder when 1020 is divided by 107.
57
What is the remainder when 107390 is divided by 35794?
8
Calculate the remainder when 5606 is divided by 102.
98
Calculate the remainder when 75647 is divided by 445.
442
Calculate the remainder when 431365 is divided by 1634.
1623
Calculate the remainder when 17808 is divided by 660.
648
Calculate the remainder when 20535 is divided by 158.
153
What is the remainder when 4933 is divided by 549?
541
What is the remainder when 124298 is divided by 852?
758
Calculate the remainder when 3363 is divided by 3359.
4
What is the remainder when 17286 is divided by 13?
9
Calculate the remainder when 67012 is divided by 1031.
1028
Calculate the remainder when 1945 is divided by 942.
61
Calculate the remainder when 108266 is divided by 13532.
10
Calculate the remainder when 1748 is divided by 104.
84
What is the remainder when 563 is divided by 14?
3
Calculate the remainder when 4511 is divided by 353.
275
What is the remainder when 1225 is divided by 201?
19
Calculate the remainder when 93043 is divided by 381.
79
What is the remainder when 47481 is divided by 28?
21
Calculate the remainder when 142828 is divided by 90.
88
What is the remainder when 1382 is divided by 487?
408
What is the remainder when 4356 is divided by 1063?
104
Calculate the remainder when 27553 is divided by 445.
408
Calculate the remainder when 64964 is divided by 17.
7
Calculate the remainder when 16375 is divided by 349.
321
What is the remainder when 12086 is divided by 212?
2
What is the remainder when 15264 is divided by 805?
774
What is the remainder when 27633 is divided by 188?
185
What is the remainder when 368 is divided by 1?
0
Calculate the remainder when 2156 is divided by 48.
44
Calculate the remainder when 6706 is divided by 43.
41
Calculate the remainder when 229695 is divided by 63.
60
Calculate the remainder when 37709 is divided by 1047.
17
What is the remainder when 1981067 is divided by 14?
11
Calculate the remainder when 11047 is divided by 1227.
4
What is the remainder when 83347 is divided by 19?
13
What is the remainder when 6194 is divided by 148?
126
Calculate the remainder when 37965 is divided by 18936.
93
Calculate the remainder when 93496 is divided by 248.
0
What is the remainder when 16035 is divided by 18?
15
Calculate the remainder when 87391 is divided by 87377.
14
Calculate the remainder when 3219 is divided by 3136.
83
What is the remainder when 6353 is divided by 242?
61
Calculate the remainder when 156502 is divided by 113.
110
What is the remainder when 302435 is divided by 186?
185
What is the remainder when 1212 is divided by 156?
120
What is the remainder when 74424 is divided by 2566?
10
What is the remainder when 482441 is divided by 120607?
13
What is the remainder when 2858 is divided by 2848?
10
Calculate the remainder when 281450 is divided by 23.
22
What is the remainder when 636089 is divided by 881?
7
Calculate the remainder when 1059 is divided by 372.
315
What is the remainder when 36580 is divided by 32?
4
What is the remainder when 82628 is divided by 11804?
0
Calculate the remainder when 7396 is divided by 296.
292
What is the remainder when 1166 is divided by 467?
232
What is the remainder when 40411 is divided by 2244?
19
What is the remainder when 881 is divided by 170?
31
Calculate the remainder when 20303 is divided by 36.
35
Calculate the remainder when 46093 is d